 the remainder when 60119 is divided by 1366?
15
Calculate the remainder when 912349 is divided by 28.
25
What is the remainder when 243483 is divided by 3?
0
What is the remainder when 148808 is divided by 89?
0
What is the remainder when 254014 is divided by 681?
1
Calculate the remainder when 6736 is divided by 91.
2
What is the remainder when 18129 is divided by 412?
1
Calculate the remainder when 202526 is divided by 450.
26
Calculate the remainder when 12569 is divided by 507.
401
What is the remainder when 1306123 is divided by 225?
223
Calculate the remainder when 13602 is divided by 81.
75
What is the remainder when 924 is divided by 180?
24
What is the remainder when 33255 is divided by 396?
387
Calculate the remainder when 6123 is divided by 3057.
9
Calculate the remainder when 128255 is divided by 2.
1
Calculate the remainder when 18328 is divided by 711.
553
What is the remainder when 14873808 is divided by 35?
33
Calculate the remainder when 394034 is divided by 5.
4
Calculate the remainder when 2534 is divided by 623.
42
What is the remainder when 195374 is divided by 1320?
14
What is the remainder when 110233 is divided by 867?
124
What is the remainder when 29667 is divided by 138?
135
Calculate the remainder when 46563 is divided by 3325.
13
What is the remainder when 5324 is divided by 1549?
677
What is the remainder when 498 is divided by 175?
148
What is the remainder when 151955 is divided by 12?
11
Calculate the remainder when 2013040 is divided by 11.
7
Calculate the remainder when 28885 is divided by 1520.
5
Calculate the remainder when 81662 is divided by 8.
6
What is the remainder when 23703 is divided by 99?
42
Calculate the remainder when 109190 is divided by 234.
146
What is the remainder when 29731 is divided by 81?
4
What is the remainder when 12160 is divided by 376?
128
What is the remainder when 22953 is divided by 2?
1
What is the remainder when 90837 is divided by 22694?
61
Calculate the remainder when 6353 is divided by 904.
25
Calculate the remainder when 9118 is divided by 4375.
368
Calculate the remainder when 55005 is divided by 56.
13
Calculate the remainder when 101988 is divided by 62.
60
What is the remainder when 9274 is divided by 772?
10
What is the remainder when 4569 is divided by 134?
13
What is the remainder when 153400 is divided by 105?
100
Calculate the remainder when 19846 is divided by 90.
46
Calculate the remainder when 1133437 is divided by 24.
13
What is the remainder when 694 is divided by 133?
29
Calculate the remainder when 245739 is divided by 7.
4
What is the remainder when 12911 is divided by 87?
35
Calculate the remainder when 104085 is divided by 368.
309
What is the remainder when 649 is divided by 40?
9
What is the remainder when 661950 is divided by 16?
14
Calculate the remainder when 1328 is divided by 1309.
19
What is the remainder when 9760 is divided by 9?
4
What is the remainder when 28868 is divided by 846?
104
What is the remainder when 766 is divided by 103?
45
Calculate the remainder when 3324 is divided by 95.
94
Calculate the remainder when 8241 is divided by 13.
12
Calculate the remainder when 1143502 is divided by 854.
850
What is the remainder when 50011 is divided by 23?
9
Calculate the remainder when 48979 is divided by 124.
123
Calculate the remainder when 933 is divided by 225.
33
What is the remainder when 216133 is divided by 9397?
2
Calculate the remainder when 8497 is divided by 99.
82
Calculate the remainder when 3902 is divided by 153.
77
What is the remainder when 15515 is divided by 5168?
11
Calculate the remainder when 19272 is divided by 4814.
16
What is the remainder when 2117 is divided by 645?
182
What is the remainder when 194461 is divided by 265?
216
Calculate the remainder when 1986 is divided by 727.
532
Calculate the remainder when 13837 is divided by 346.
343
Calculate the remainder when 11233 is divided by 5581.
71
What is the remainder when 17232 is divided by 17225?
7
Calculate the remainder when 1599633 is divided by 22.
13
What is the remainder when 2408 is divided by 439?
213
Calculate the remainder when 812810 is divided by 1373.
1367
What is the remainder when 6509 is divided by 806?
61
Calculate the remainder when 254770 is divided by 337.
335
What is the remainder when 725832 is divided by 993?
942
Calculate the remainder when 71440 is divided by 370.
30
What is the remainder when 1847007 is divided by 6?
3
Calculate the remainder when 685292 is divided by 21.
20
What is the remainder when 9779 is divided by 3249?
32
What is the remainder when 61717 is divided by 20?
17
Calculate the remainder when 432834 is divided by 86.
82
What is the remainder when 134539 is divided by 148?
7
Calculate the remainder when 1388 is divided by 200.
188
What is the remainder when 31776 is divided by 397?
16
Calculate the remainder when 18174 is divided by 3632.
14
Calculate the remainder when 83896 is divided by 59.
57
Calculate the remainder when 2676 is divided by 2393.
283
Calculate the remainder when 2419257 is divided by 244.
241
Calculate the remainder when 58508 is divided by 27.
26
Calculate the remainder when 153432 is divided by 341.
323
Calculate the remainder when 44544 is divided by 25.
19
Calculate the remainder when 15206 is divided by 17.
8
What is the remainder when 32008 is divided by 532?
88
What is the remainder when 21855 is divided by 131?
109
What is the remainder when 63118 is divided by 62?
2
Calculate the remainder when 6619 is divided by 1502.
611
What is the remainder when 5232 is divided by 1740?
12
Calculate the remainder when 47443 is divided by 116.
115
What is the remainder when 19051 is divided by 1833?
721
What is the remainder when 19915 is divided by 1639?
247
Calculate the remainder when 32291 is divided by 18.
17
What is the remainder when 83094 is divided by 41541?
12
What is the remainder when 23653 is divided by 5831?
329
Calculate the remainder when 1964 is divided by 438.
212
What is the remainder when 121414 is divided by 6068?
54
Calculate the remainder when 346432 is divided by 543.
541
Calculate the remainder when 182966 is divided by 413.
7
What is the remainder when 217974 is divided by 185?
44
Calculate the remainder when 279446 is divided by 225.
221
What is the remainder when 20774 is divided by 110?
94
What is the remainder when 10450 is divided by 1159?
19
What is the remainder when 711622 is divided by 149?
147
What is the remainder when 94091 is divided by 2850?
41
What is the remainder when 83159 is divided by 24?
23
Calculate the remainder when 1325 is divided by 302.
117
Calculate the remainder when 680166 is divided by 1029.
1026
What is the remainder when 11100 is divided by 61?
59
Calculate the remainder when 54881 is divided by 1829.
11
What is the remainder when 43637 is divided by 1744?
37
Calculate the remainder when 271083 is divided by 271082.
1
Calculate the remainder when 157 is divided by 151.
6
Calculate the remainder when 15388 is divided by 159.
124
What is the remainder when 10168 is divided by 472?
256
What is the remainder when 3069 is divided by 340?
9
What is the remainder when 1981 is divided by 416?
317
What is the remainder when 16310 is divided by 86?
56
What is the remainder when 41327 is divided by 6627?
1565
What is the remainder when 8470 is divided by 95?
15
Calculate the remainder when 2840 is divided by 2617.
223
What is the remainder when 69999 is divided by 436?
239
Calculate the remainder when 39673 is divided by 256.
249
Calculate the remainder when 137116 is divided by 210.
196
What is the remainder when 26951 is divided by 350?
1
Calculate the remainder when 12698 is divided by 12630.
68
Calculate the remainder when 2791 is divided by 1391.
9
Calculate the remainder when 25156 is divided by 17.
13
Calculate the remainder when 1291 is divided by 96.
43
Calculate the remainder when 47455 is divided by 15.
10
What is the remainder when 152101 is divided by 76042?
17
Calculate the remainder when 27673 is divided by 29.
7
What is the remainder when 34665 is divided by 228?
9
What is the remainder when 29645 is divided by 183?
182
Calculate the remainder when 5218 is divided by 5208.
10
Calculate the remainder when 3127 is divided by 21.
19
What is 